{"id":438,"date":"2022-09-22T07:40:26","date_gmt":"2022-09-22T07:40:26","guid":{"rendered":"https:\/\/intelligent-chatelet.51-83-109-90.plesk.page\/?page_id=438"},"modified":"2023-05-04T13:01:29","modified_gmt":"2023-05-04T11:01:29","slug":"nos-missions","status":"publish","type":"page","link":"https:\/\/lamallemaubeugeoise.fr\/index.php\/nos-missions\/","title":{"rendered":"Nos missions"},"content":{"rendered":"\t\t<div data-elementor-type=\"wp-page\" data-elementor-id=\"438\" class=\"elementor elementor-438\" data-elementor-post-type=\"page\">\n\t\t\t\t\t\t<section class=\"elementor-section elementor-top-section elementor-element elementor-element-62b59098 elementor-section-height-min-height elementor-section-items-stretch elementor-section-content-middle elementor-section-boxed elementor-section-height-default\" data-id=\"62b59098\" data-element_type=\"section\" data-e-type=\"section\" data-settings=\"{&quot;background_background&quot;:&quot;classic&quot;}\">\n\t\t\t\t\t\t\t<div class=\"elementor-background-overlay\"><\/div>\n\t\t\t\t\t\t\t<div class=\"elementor-container elementor-column-gap-no\">\n\t\t\t\t\t<div class=\"elementor-column elementor-col-100 elementor-top-column elementor-element elementor-element-2d482a55\" data-id=\"2d482a55\" data-element_type=\"column\" data-e-type=\"column\">\n\t\t\t<div class=\"elementor-widget-wrap elementor-element-populated\">\n\t\t\t\t\t\t<div class=\"elementor-element elementor-element-251a4c24 elementor-widget elementor-widget-heading\" data-id=\"251a4c24\" data-element_type=\"widget\" data-e-type=\"widget\" data-widget_type=\"heading.default\">\n\t\t\t\t<div class=\"elementor-widget-container\">\n\t\t\t\t\t<h1 class=\"elementor-heading-title elementor-size-default\">Maubeuge, ville d'Art et de Culture<\/h1>\t\t\t\t<\/div>\n\t\t\t\t<\/div>\n\t\t\t\t\t<\/div>\n\t\t<\/div>\n\t\t\t\t\t<\/div>\n\t\t<\/section>\n\t\t\t\t<section class=\"elementor-section elementor-top-section elementor-element elementor-element-6573f1f6 elementor-section-full_width elementor-section-content-middle elementor-reverse-tablet elementor-reverse-mobile elementor-section-height-default elementor-section-height-default\" data-id=\"6573f1f6\" data-element_type=\"section\" data-e-type=\"section\">\n\t\t\t\t\t\t<div class=\"elementor-container elementor-column-gap-no\">\n\t\t\t\t\t<div class=\"elementor-column elementor-col-100 elementor-top-column elementor-element elementor-element-6515932a\" data-id=\"6515932a\" data-element_type=\"column\" data-e-type=\"column\">\n\t\t\t<div class=\"elementor-widget-wrap elementor-element-populated\">\n\t\t\t\t\t\t<div class=\"elementor-element elementor-element-3b83203c elementor-widget elementor-widget-text-editor\" data-id=\"3b83203c\" data-element_type=\"widget\" data-e-type=\"widget\" data-widget_type=\"text-editor.default\">\n\t\t\t\t<div class=\"elementor-widget-container\">\n\t\t\t\t\t\t\t\t\t<p><strong>LES MISSIONS DU SERVICE<\/strong><\/p>\n<p>Le service des Archives municipales est un service administratif qui r\u00e9pond aux besoins du public et des services municipaux, il a plusieurs missions :<\/p>\n<ul>\n<li>La collecte&nbsp;de tous les documents produits par les services municipaux. Le service peut \u00e9galement acheter des documents d\u2019un int\u00e9r\u00eat particulier ou recevoir des dons de particuliers.<\/li>\n<li>La conservation&nbsp;: mettre en valeur et conserver les documents dans des conditions les plus favorables.<\/li>\n<li>La communication&nbsp;: permettre l\u2019acc\u00e8s au public en respectant les r\u00e8gles de communicabilit\u00e9 fix\u00e9es par la loi.<\/li>\n<\/ul>\n<p>Conditions d\u2019acc\u00e8s et de consultation<\/p>\n<ul>\n<li>Vous pouvez vous rendre \u00e0 la salle de lecture pour consulter les archives communales.<\/li>\n<li>Prendre contact avec le service pour exposer vos recherches et obtenir un rendez-vous si besoin.&nbsp;<\/li>\n<li>\u00c9crire \u00e0 Monsieur le Maire pour toute demande particuli\u00e8re (\u00e9tude scientifique, publication, r\u00e9utilisation de donn\u00e9es publiques, d\u00e9rogation de communication d\u2019archives).<\/li>\n<\/ul>\n<p>La consultation des documents est gratuite. Elle s\u2019effectue uniquement sur place apr\u00e8s inscription et sur pr\u00e9sentation d\u2019une pi\u00e8ce d\u2019identit\u00e9. Les conditions de consultation sont fix\u00e9es par un r\u00e8glement. Pour des raisons de conservation, les documents fragiles ou reli\u00e9s ne peuvent \u00eatre photocopi\u00e9s. Seule la photographie sans flash est autoris\u00e9e. Toute utilisation de reproduction d\u2019archives doit \u00eatre accompagn\u00e9e de la mention \u00ab\u00a0Archives municipales de Maubeuge\u00a0\u00bb.&nbsp;<\/p>\n<p>Depuis 2008, les archives publiques sont librement communicables comme la plupart des documents administratifs. Des d\u00e9lais sp\u00e9ciaux s\u2019appliquent toutefois \u00e0 certains documents :<\/p>\n<ul>\n<li>50 ans pour les documents mettant en cause la vie priv\u00e9e des personnes ou la s\u00fbret\u00e9 de l\u2019\u00c9tat.<\/li>\n<li>75 ans pour l\u2019\u00c9tat Civil (actes de naissances et mariages)&nbsp;<\/li>\n<li>50 ans pour les dossiers du personnel<\/li>\n<li>120 ans pour les documents contenant des renseignements individuels \u00e0 caract\u00e8re m\u00e9dical ou 25 ans apr\u00e8s d\u00e9c\u00e8s.<\/li>\n<\/ul>\n<p>Si vous faites partie de ces nombreux citoyens qui se lancent dans la recherche g\u00e9n\u00e9alogique de vos anc\u00eatres, les archives municipales de Maubeuge et les archives d\u00e9partementales seront des lieux de ressources indispensables.<\/p>\n<p>Le service des archives n\u2019a pas l\u2019obligation d\u2019effectuer des recherches, notamment g\u00e9n\u00e9alogiques. Seules les recherches \u00e0 caract\u00e8re administratif ou pour faire valoir un droit sont effectu\u00e9es syst\u00e9matiquement.<\/p>\n<p>Le service conserve les registres paroissiaux qui renferment les actes de bapt\u00eames, mariages et s\u00e9pultures et les registres d\u2019\u00e9tat civil qui contiennent les actes de naissances, mariages et d\u00e9c\u00e8s.<\/p>\n<p>Vous pouvez consulter, sur place, les actes de bapt\u00eames depuis 1588, les actes de mariages depuis 1618 et les actes de s\u00e9pultures depuis 1689 ; ainsi que les actes d\u2019\u00e9tat civil entre 1793 et 1945.<\/p>\n<p>Vous pouvez consulter, en ligne, sur le site des Archives d\u00e9partementales du Nord les tables d\u00e9cennales de 1792 \u00e0 1947, les registres de naissances jusqu\u2019en 1920, les registres de mariages et de d\u00e9c\u00e8s jusqu\u2019en 1940.<\/p>\n<p>Recherche g\u00e9n\u00e9alogique<\/p>\n<p>Si vous faites partie de ces nombreux citoyens qui se lancent dans la recherche g\u00e9n\u00e9alogique de vos anc\u00eatres, les archives municipales de Maubeuge et les archives d\u00e9partementales seront des lieux de ressources indispensables.<\/p>\n<p>Le service des archives n\u2019a pas l\u2019obligation d\u2019effectuer des recherches, notamment g\u00e9n\u00e9alogiques. Seules les recherches \u00e0 caract\u00e8re administratif ou pour faire valoir un droit sont effectu\u00e9es syst\u00e9matiquement.<\/p>\n<p>Le service conserve les registres paroissiaux qui renferment les actes de bapt\u00eames, mariages et s\u00e9pultures et les registres d\u2019\u00e9tat civil qui contiennent les actes de naissances, mariages et d\u00e9c\u00e8s.<\/p>\n<p>Vous pouvez consulter, sur place, les actes de bapt\u00eames depuis 1588, les actes de mariages depuis 1618 et les actes de s\u00e9pultures depuis 1689&nbsp;; ainsi que les actes d\u2019\u00e9tat civil entre 1792 et 1936.<\/p>\n<p>Vous pouvez consulter, en ligne, sur le site des Archives d\u00e9partementales du Nord les tables d\u00e9cennales de 1792 \u00e0 1892 ainsi que les microfilms num\u00e9ris\u00e9s des registres paroissiaux et d\u2019\u00e9tat civil jusqu\u2019en 1897.<\/p>\t\t\t\t\t\t\t\t<\/div>\n\t\t\t\t<\/div>\n\t\t\t\t<div class=\"elementor-element elementor-element-1ad1b27 elementor-icon-list--layout-traditional elementor-list-item-link-full_width elementor-widget elementor-widget-icon-list\" data-id=\"1ad1b27\" data-element_type=\"widget\" data-e-type=\"widget\" data-widget_type=\"icon-list.default\">\n\t\t\t\t<div class=\"elementor-widget-container\">\n\t\t\t\t\t\t\t<ul class=\"elementor-icon-list-items\">\n\t\t\t\t\t\t\t<li class=\"elementor-icon-list-item\">\n\t\t\t\t\t\t\t\t\t\t\t<span class=\"elementor-icon-list-icon\">\n\t\t\t\t\t\t\t<i aria-hidden=\"true\" class=\"far fa-hand-point-down\"><\/i>\t\t\t\t\t\t<\/span>\n\t\t\t\t\t\t\t\t\t\t<span class=\"elementor-icon-list-text\"><span style=\"text-decoration: underline\"><strong>Coordonn\u00e9es :<\/strong><\/span> <\/span>\n\t\t\t\t\t\t\t\t\t<\/li>\n\t\t\t\t\t\t\t\t<li class=\"elementor-icon-list-item\">\n\t\t\t\t\t\t\t\t\t\t\t<span class=\"elementor-icon-list-icon\">\n\t\t\t\t\t\t\t<i aria-hidden=\"true\" class=\"fas fa-location-arrow\"><\/i>\t\t\t\t\t\t<\/span>\n\t\t\t\t\t\t\t\t\t\t<span class=\"elementor-icon-list-text\">ZAC du champs de l'abesse, rue de Mairieux, 59600, Maubeuge<\/span>\n\t\t\t\t\t\t\t\t\t<\/li>\n\t\t\t\t\t\t\t\t<li class=\"elementor-icon-list-item\">\n\t\t\t\t\t\t\t\t\t\t\t<span class=\"elementor-icon-list-icon\">\n\t\t\t\t\t\t\t<i aria-hidden=\"true\" class=\"fas fa-phone\"><\/i>\t\t\t\t\t\t<\/span>\n\t\t\t\t\t\t\t\t\t\t<span class=\"elementor-icon-list-text\">03 27 62 63 28<\/span>\n\t\t\t\t\t\t\t\t\t<\/li>\n\t\t\t\t\t\t\t\t<li class=\"elementor-icon-list-item\">\n\t\t\t\t\t\t\t\t\t\t\t<span class=\"elementor-icon-list-icon\">\n\t\t\t\t\t\t\t<i aria-hidden=\"true\" class=\"far fa-envelope\"><\/i>\t\t\t\t\t\t<\/span>\n\t\t\t\t\t\t\t\t\t\t<span class=\"elementor-icon-list-text\">archives@ville-maubeuge.fr<\/span>\n\t\t\t\t\t\t\t\t\t<\/li>\n\t\t\t\t\t\t<\/ul>\n\t\t\t\t\t\t<\/div>\n\t\t\t\t<\/div>\n\t\t\t\t\t<\/div>\n\t\t<\/div>\n\t\t\t\t\t<\/div>\n\t\t<\/section>\n\t\t\t\t<\/div>\n\t\t","protected":false},"excerpt":{"rendered":"<p>Maubeuge, ville d&rsquo;Art et de Culture LES MISSIONS DU SERVICE Le service des Archives municipales est un service administratif qui r\u00e9pond aux besoins du public et des services municipaux, il a plusieurs missions : La collecte&nbsp;de tous les documents produits par les services municipaux. Le service peut \u00e9galement acheter des documents d\u2019un int\u00e9r\u00eat particulier ou [&hellip;]<\/p>\n","protected":false},"author":1,"featured_media":0,"parent":0,"menu_order":0,"comment_status":"closed","ping_status":"closed","template":"elementor_header_footer","meta":{"footnotes":""},"class_list":["post-438","page","type-page","status-publish","hentry"],"yoast_head":"<!-- This site is optimized with the Yoast SEO plugin v27.2 - https:\/\/yoast.com\/product\/yoast-seo-wordpress\/ -->\n<title>La malle maubeugeoise - Missions des archives<\/title>\n<meta name=\"description\" content=\"Le service des Archives municipales est un service administratif qui r\u00e9pond aux besoins du public et des services municipaux. En savoir plus...\" \/>\n<meta name=\"robots\" content=\"index, follow, max-snippet:-1, max-image-preview:large, max-video-preview:-1\" \/>\n<link rel=\"canonical\" href=\"https:\/\/lamallemaubeugeoise.fr\/index.php\/nos-missions\/\" \/>\n<meta property=\"og:locale\" content=\"fr_FR\" \/>\n<meta property=\"og:type\" content=\"article\" \/>\n<meta property=\"og:title\" content=\"La malle maubeugeoise - Missions des archives\" \/>\n<meta property=\"og:description\" content=\"Le service des Archives municipales est un service administratif qui r\u00e9pond aux besoins du public et des services municipaux. En savoir plus...\" \/>\n<meta property=\"og:url\" content=\"https:\/\/lamallemaubeugeoise.fr\/index.php\/nos-missions\/\" \/>\n<meta property=\"og:site_name\" content=\"La Malle maubeugeoise\" \/>\n<meta property=\"article:publisher\" content=\"https:\/\/www.facebook.com\/VilledeMaubeuge\" \/>\n<meta property=\"article:modified_time\" content=\"2023-05-04T11:01:29+00:00\" \/>\n<meta name=\"twitter:card\" content=\"summary_large_image\" \/>\n<meta name=\"twitter:site\" content=\"@VilleMaubeuge\" \/>\n<meta name=\"twitter:label1\" content=\"Dur\u00e9e de lecture estim\u00e9e\" \/>\n\t<meta name=\"twitter:data1\" content=\"4 minutes\" \/>\n<script type=\"application\/ld+json\" class=\"yoast-schema-graph\">{\"@context\":\"https:\/\/schema.org\",\"@graph\":[{\"@type\":\"WebPage\",\"@id\":\"https:\/\/lamallemaubeugeoise.fr\/index.php\/nos-missions\/\",\"url\":\"https:\/\/lamallemaubeugeoise.fr\/index.php\/nos-missions\/\",\"name\":\"La malle maubeugeoise - Missions des archives\",\"isPartOf\":{\"@id\":\"https:\/\/lamallemaubeugeoise.fr\/#website\"},\"datePublished\":\"2022-09-22T07:40:26+00:00\",\"dateModified\":\"2023-05-04T11:01:29+00:00\",\"description\":\"Le service des Archives municipales est un service administratif qui r\u00e9pond aux besoins du public et des services municipaux. En savoir plus...\",\"breadcrumb\":{\"@id\":\"https:\/\/lamallemaubeugeoise.fr\/index.php\/nos-missions\/#breadcrumb\"},\"inLanguage\":\"fr-FR\",\"potentialAction\":[{\"@type\":\"ReadAction\",\"target\":[\"https:\/\/lamallemaubeugeoise.fr\/index.php\/nos-missions\/\"]}]},{\"@type\":\"BreadcrumbList\",\"@id\":\"https:\/\/lamallemaubeugeoise.fr\/index.php\/nos-missions\/#breadcrumb\",\"itemListElement\":[{\"@type\":\"ListItem\",\"position\":1,\"name\":\"Accueil\",\"item\":\"https:\/\/lamallemaubeugeoise.fr\/\"},{\"@type\":\"ListItem\",\"position\":2,\"name\":\"Nos missions\"}]},{\"@type\":\"WebSite\",\"@id\":\"https:\/\/lamallemaubeugeoise.fr\/#website\",\"url\":\"https:\/\/lamallemaubeugeoise.fr\/\",\"name\":\"La Malle maubeugeoise\",\"description\":\"\",\"publisher\":{\"@id\":\"https:\/\/lamallemaubeugeoise.fr\/#organization\"},\"potentialAction\":[{\"@type\":\"SearchAction\",\"target\":{\"@type\":\"EntryPoint\",\"urlTemplate\":\"https:\/\/lamallemaubeugeoise.fr\/?s={search_term_string}\"},\"query-input\":{\"@type\":\"PropertyValueSpecification\",\"valueRequired\":true,\"valueName\":\"search_term_string\"}}],\"inLanguage\":\"fr-FR\"},{\"@type\":\"Organization\",\"@id\":\"https:\/\/lamallemaubeugeoise.fr\/#organization\",\"name\":\"La Malle maubeugeoise\",\"url\":\"https:\/\/lamallemaubeugeoise.fr\/\",\"logo\":{\"@type\":\"ImageObject\",\"inLanguage\":\"fr-FR\",\"@id\":\"https:\/\/lamallemaubeugeoise.fr\/#\/schema\/logo\/image\/\",\"url\":\"https:\/\/lamallemaubeugeoise.fr\/wp-content\/uploads\/2022\/09\/logo_culture.png\",\"contentUrl\":\"https:\/\/lamallemaubeugeoise.fr\/wp-content\/uploads\/2022\/09\/logo_culture.png\",\"width\":500,\"height\":270,\"caption\":\"La Malle maubeugeoise\"},\"image\":{\"@id\":\"https:\/\/lamallemaubeugeoise.fr\/#\/schema\/logo\/image\/\"},\"sameAs\":[\"https:\/\/www.facebook.com\/VilledeMaubeuge\",\"https:\/\/x.com\/VilleMaubeuge\",\"https:\/\/www.instagram.com\/villedemaubeuge\/\",\"https:\/\/www.linkedin.com\/company\/42902618\/admin\/\",\"https:\/\/www.youtube.com\/channel\/UCqOferEXg9bqKz_6mzrxN4w\",\"https:\/\/t.me\/villeMaubeuge\"]}]}<\/script>\n<!-- \/ Yoast SEO plugin. -->","yoast_head_json":{"title":"La malle maubeugeoise - Missions des archives","description":"Le service des Archives municipales est un service administratif qui r\u00e9pond aux besoins du public et des services municipaux. En savoir plus...","robots":{"index":"index","follow":"follow","max-snippet":"max-snippet:-1","max-image-preview":"max-image-preview:large","max-video-preview":"max-video-preview:-1"},"canonical":"https:\/\/lamallemaubeugeoise.fr\/index.php\/nos-missions\/","og_locale":"fr_FR","og_type":"article","og_title":"La malle maubeugeoise - Missions des archives","og_description":"Le service des Archives municipales est un service administratif qui r\u00e9pond aux besoins du public et des services municipaux. En savoir plus...","og_url":"https:\/\/lamallemaubeugeoise.fr\/index.php\/nos-missions\/","og_site_name":"La Malle maubeugeoise","article_publisher":"https:\/\/www.facebook.com\/VilledeMaubeuge","article_modified_time":"2023-05-04T11:01:29+00:00","twitter_card":"summary_large_image","twitter_site":"@VilleMaubeuge","twitter_misc":{"Dur\u00e9e de lecture estim\u00e9e":"4 minutes"},"schema":{"@context":"https:\/\/schema.org","@graph":[{"@type":"WebPage","@id":"https:\/\/lamallemaubeugeoise.fr\/index.php\/nos-missions\/","url":"https:\/\/lamallemaubeugeoise.fr\/index.php\/nos-missions\/","name":"La malle maubeugeoise - Missions des archives","isPartOf":{"@id":"https:\/\/lamallemaubeugeoise.fr\/#website"},"datePublished":"2022-09-22T07:40:26+00:00","dateModified":"2023-05-04T11:01:29+00:00","description":"Le service des Archives municipales est un service administratif qui r\u00e9pond aux besoins du public et des services municipaux. En savoir plus...","breadcrumb":{"@id":"https:\/\/lamallemaubeugeoise.fr\/index.php\/nos-missions\/#breadcrumb"},"inLanguage":"fr-FR","potentialAction":[{"@type":"ReadAction","target":["https:\/\/lamallemaubeugeoise.fr\/index.php\/nos-missions\/"]}]},{"@type":"BreadcrumbList","@id":"https:\/\/lamallemaubeugeoise.fr\/index.php\/nos-missions\/#breadcrumb","itemListElement":[{"@type":"ListItem","position":1,"name":"Accueil","item":"https:\/\/lamallemaubeugeoise.fr\/"},{"@type":"ListItem","position":2,"name":"Nos missions"}]},{"@type":"WebSite","@id":"https:\/\/lamallemaubeugeoise.fr\/#website","url":"https:\/\/lamallemaubeugeoise.fr\/","name":"La Malle maubeugeoise","description":"","publisher":{"@id":"https:\/\/lamallemaubeugeoise.fr\/#organization"},"potentialAction":[{"@type":"SearchAction","target":{"@type":"EntryPoint","urlTemplate":"https:\/\/lamallemaubeugeoise.fr\/?s={search_term_string}"},"query-input":{"@type":"PropertyValueSpecification","valueRequired":true,"valueName":"search_term_string"}}],"inLanguage":"fr-FR"},{"@type":"Organization","@id":"https:\/\/lamallemaubeugeoise.fr\/#organization","name":"La Malle maubeugeoise","url":"https:\/\/lamallemaubeugeoise.fr\/","logo":{"@type":"ImageObject","inLanguage":"fr-FR","@id":"https:\/\/lamallemaubeugeoise.fr\/#\/schema\/logo\/image\/","url":"https:\/\/lamallemaubeugeoise.fr\/wp-content\/uploads\/2022\/09\/logo_culture.png","contentUrl":"https:\/\/lamallemaubeugeoise.fr\/wp-content\/uploads\/2022\/09\/logo_culture.png","width":500,"height":270,"caption":"La Malle maubeugeoise"},"image":{"@id":"https:\/\/lamallemaubeugeoise.fr\/#\/schema\/logo\/image\/"},"sameAs":["https:\/\/www.facebook.com\/VilledeMaubeuge","https:\/\/x.com\/VilleMaubeuge","https:\/\/www.instagram.com\/villedemaubeuge\/","https:\/\/www.linkedin.com\/company\/42902618\/admin\/","https:\/\/www.youtube.com\/channel\/UCqOferEXg9bqKz_6mzrxN4w","https:\/\/t.me\/villeMaubeuge"]}]}},"_links":{"self":[{"href":"https:\/\/lamallemaubeugeoise.fr\/index.php\/wp-json\/wp\/v2\/pages\/438","targetHints":{"allow":["GET"]}}],"collection":[{"href":"https:\/\/lamallemaubeugeoise.fr\/index.php\/wp-json\/wp\/v2\/pages"}],"about":[{"href":"https:\/\/lamallemaubeugeoise.fr\/index.php\/wp-json\/wp\/v2\/types\/page"}],"author":[{"embeddable":true,"href":"https:\/\/lamallemaubeugeoise.fr\/index.php\/wp-json\/wp\/v2\/users\/1"}],"replies":[{"embeddable":true,"href":"https:\/\/lamallemaubeugeoise.fr\/index.php\/wp-json\/wp\/v2\/comments?post=438"}],"version-history":[{"count":58,"href":"https:\/\/lamallemaubeugeoise.fr\/index.php\/wp-json\/wp\/v2\/pages\/438\/revisions"}],"predecessor-version":[{"id":3042,"href":"https:\/\/lamallemaubeugeoise.fr\/index.php\/wp-json\/wp\/v2\/pages\/438\/revisions\/3042"}],"wp:attachment":[{"href":"https:\/\/lamallemaubeugeoise.fr\/index.php\/wp-json\/wp\/v2\/media?parent=438"}],"curies":[{"name":"wp","href":"https:\/\/api.w.org\/{rel}","templated":true}]}}